?
100
-3 - (-19 + (-14 + -6 - -46) - (1 + -9))
-18
What is -35 + -192 + 145 + -27?
-109
What is -30 + 38 - -53 - (-59 + 17)?
103
52 - ((3 - (1 + -1)) + -6 + 12 - 11)
54
What is the value of (-27 - (-15 + -12 - 1)) + -49?
-48
-28 - (0 + 48 - (-1427 + 1400))
-103
(-62 - (0 - 6 - (2 + -13))) + (-146 - -155)
-58
What is (-21 - -17) + 5 + -4 + -5 - (52 - -2)?
-62
What is the value of 12 - (-2 - 0) - (43 - (-264 + 218))?
-75
Evaluate (-74 - -64) + 152 - 152.
-10
What is 23 + 14 + 4 + (-3 - 2) + -5?
31
What is 3 - (31 + -4 + 49 + -51)?
-22
What is 114 + (-8 - (-25 - -43)) - 22?
66
-105 + 24 - (-373 - -271)
21
1 - (7 + (3 - 2) + 3 + (0 - 2))
-8
What is -7 + -130 + (-14 - (-3 + 12)) + 26?
-134
What is the value of 144 + 1 - (21 - 9 - 19 - -20) - -16?
148
What is -32 - (9 + (12 - 8 - (-8 - -16)) + 7)?
-44
Calculate -16 + 35 + (-8 - -32).
43
What is the value of 16 + (3 - (15 + -10 + -5 - 43)) - -5?
67
What is (4 + (-4 - -56) - -1) + -10 + 1 + 12?
60
-14 + 35 + (6 - (-5 - -31))
1
Calculate (6 - (14 + 9 + -9)) + 31 + -17.
6
5347 - 5334 - (2 + -20 + 0)
31
Calculate (-2 - (-121 - 2)) + (2 - 54 - -52).
121
Calculate (33 - (51 - 6)) + -11.
-23
(4 - ((2 - -4) + -6)) + 3 + -9 + 6
4
What is the value of 20 + -1 + (-14 - -15) + -13 + (51 - 0)?
58
Evaluate (-24 + (-8 - -21) - 7) + -11.
-29
What is -33 - ((-9 - 4) + 8) - (2 + -11)?
-19
What is the value of -42 - (26 - 63) - (32 + -11)?
-26
What is 3 + (-10 - -1 - (2 + 35 + -16 + -18))?
-9
Evaluate (-116 - -2 - -33) + 78.
-3
What is (-83 - -47) + 20 + (-58 - (3 - -5))?
-82
What is the value of -6 + (22 - 15 - (-23 + 3))?
21
Evaluate -14 - (40 - 36 - (3 + (-8 - -5 - 6))).
-24
Calculate -53 + 45 + -32 + (1 - -4 - 15) + 0.
-50
Calculate -34 + (4 - 15) + (9 - 1) + -2 + 1.
-38
What is the value of (-321 - -333) + 2 + -11 + 2?
5
What is (-114 - (-82 - 38)) + 94?
100
1 + (-137 + 117 - (32 - -3))
-54
Evaluate (89 - (29 - -34)) + 24.
50
Calculate -10 + 0 + 0 + (-15 + 43 + -18 - 47).
-47
Evaluate (-1 - 102) + (491 + -390 - 89).
-91
What is the value of -47 + (57 - 9) - -69?
70
Evaluate 2 + 57 + (-3324 - -3320).
55
-102 - (35 - 16 - 164)
43
Evaluate -74 + 61 + (-26 - 7).
-46
(11 - 2) + 8 + (3 - -7) - (18 - 13)
22
(-9 - -1 - 25) + (-117 - -136)
-14
What is the value of -15 + (-16 - -33) + -42?
-40
What is the value of (1 - 19) + 511 + -530 - -20?
-17
Calculate (-23 - -3) + 12 - (5 - (-11 + 17 - -1)).
-6
Evaluate (-39 - (-69 - -8 - -13)) + -18 + 1.
-8
0 + -41 - (-13 + -1 + 0 - (54513 - 54539))
-53
Evaluate 8 + 0 - ((1 - 0) + -2 - (2267 - 2263)).
13
What is the value of 21 - -8 - 9 - (207 - 181)?
-6
What is 9 + (-3 - (0 - 1)) + (-46 - 172) + 156?
-55
Evaluate 29 + ((14 - 24) + 14 - 12).
21
-2 + 0 + 10 + (2 - 30 - -60)
40
Evaluate -30 + 9 - (-7 + (13 - 16)) - (88 + -10).
-89
Evaluate (-27 - -2) + 1 - (-143 + 334 - 349).
134
-2 + (304 - 324 - (-1 - 16)) + 21 + 0
16
What is -38 + (-45 + 91 - 38)?
-30
-7 + 3 + -2 + 4 - (-63 - -51)
10
Calculate -19 + 1 + 82 - 0.
64
Evaluate 1 + 18 + 8844 + -8832.
31
Calculate (-51 + -41 - (-1 + -4)) + -3 + 27.
-63
-16 + (-22 - -25) + (-10 + 8 - (-1 + 45))
-59
Calculate (-8 - (-19 + -2 + 4)) + (83 - 68).
24
Evaluate (11 - 5) + -7 - (-30 + 46).
-17
Calculate 0 - 14 - (-40 - -14 - -20) - -44.
36
Evaluate (3 - 70) + (2 - ((8 - -2) + -62 + 46)).
-59
-9 + -15 + 9 + 5 + -6
-16
(-3 - -52 - (-4 + 12) - -5) + -13
33
What is -35 - ((10 - 1) + 10) - -14?
-40
Evaluate (-149 - -79) + (47 - -11).
-12
Evaluate (35 + 15 + -53 - (54 + -2)) + -14.
-69
-878 + 900 + 1 + 5 - -7
35
(-4 - 7) + 9 - (-7 + 20 + 0) - 8
-23
What is the value of 3 - (86 + -76) - 2?
-9
What is 88 + (-106 - -48) - -22?
52
Evaluate -28 + 13 - (65 + 1) - (-15 + -1).
-65
Calculate -37 - (26 + -88) - 36.
-11
Evaluate 0 - -30 - (16 - 20 - 20).
54
What is 17 + (-48 - -11 - 11)?
-31
Calculate 86 + 17 + 6 + -39 + (5 - 0 - -7).
82
Calculate -1 + 3 + 6 + -15 + 5 + 2.
0
What is -1 + 7 + 3 + 22?
31
What is the value of 58 - (-34 - -8) - 2 - (0 + -4 - 0)?
86
Evaluate (7 - 14) + (11 + -12 - 12) + -14.
-34
Evaluate 36 + 6 + -31 + 19 - (-1 + 0).
31
What is -13 - (2 + (-9 - -6) - (6 - 1))?
-7
-24 + 9 - -13 - -22 - (149 - 45)
-84
What is the value of 44 - ((13 - 0) + (2 + -28 - -26))?
31
What is 34 - ((-15 - -20 - (-8 - -19)) + 12)?
28
Evaluate -37 - 20 - (-16 + 10 + -9) - 3.
-45
22 + -6 - 5 - (72 - 76) - 12
3
What is the value of -15 + (6 - (1 - 2)) - (-8 - 83) - 2?
81
(21 - (1 + 38) - -21) + -67 + (2 - 0)
-62
Calculate (19 + 7 - (163 + -68)) + 7.
-62
What is 23 - (-6 - ((5 - -16) + -18))?
32
Calculate (-14 + 10 + -4 + 2 - -1) + 54.
49
What is 1 + (0 - (0 + 0) - -1 - (-48582 + 48665))?
-81
Evaluate 60 + (-12 - (-31 + 9)) + 12.
82
Evaluate -13 - (2 + (-38 - (-1 + 7 - -4))).
33
What is -271 + 230 - (-1 - -36) - -5?
-71
-42 + 38 + 0 + 63 + (2 - 17) + 11
55
Evaluate -31 - 8 - -36 - (2 - -25).
-30
Calculate -12 + 21 + 31 + (5 - 18).
27
-26 - (-3 - 12) - (-529 + 391)
127
-8 + 0 + 30 - (144 - 113)
-9
Calculate -117 + (2 + 5 + -18 - -15) + 12.
-101
Calculate (-45 - (-2 - (1 + 0 + -3))) + 1183 + -1182.
-44
What is the value of 15 + ((-4 - -10) + -9 - 4) - 33?
-25
Evaluate 8 + -14 - (-24 + 54 + 13).
-49
Evaluate 41 - (18 + -10 + -7 - 21).
61
What is 21 + 4 + -11 + (43 + -40 - (-13 + 1))?
29
Evaluate (-16 - (-22 - -2)) + (-42 - 7 - -7).
-38
-175 - -172 - (9 - 14)
2
Calculate 4 + (-1 - -11) - (5 - (14 - -2)).
25
Calculate -2 + -16 + 16 + (13 - (5 + 11)).
-5
Calculate (-54 - -14) + 14 - (5 - 27).
-4
(-26 - ((0 - 9) + (8 - 11)) - -74) + 1
61
What is the value of -61 + -3 + 7 - (-28 - (-79 + 46))?
-62
What is -7 - (4 - -1 - (-42 + 98))?
44
What is the value of -143 - -110 - (1 + 2)?
-36
Evaluate -18 + -5 + 6 + 0 + -4 + -1.
-22
What is the value of (29 - (2 + (-16 - -8) + 3 - -10)) + 6?
28
What is -57 - (-53 - (-46 + 49))?
-1
Evaluate -16 + (-3 - 1 - -17 - (18 - 28)) - -19.
26
What is the value of 2 + 1 - (1128 - 1164)?
39
What is the value of (2 - -2) + (60 - 1) + 0 + (34 - 31)?
66
Evaluate (-1 - -55 - 1) + (1110 - 1131).
32
(25 - (50 - -5)) + (2 - -2)
-26
212 + (78 - 331) - (82 - 0)
-123
Evaluate -20 - (-21 - (52 + -57)).
-4
What is the value of -6 + (9 - (-9 - (-7 + -2))) + -1?
2
-23 + 0 + -2 + 29 + -21 + -41
-58
22 + -36 + 36 + (9 - (-3 + 171))
-137
What is the value of -32 - (-18 - (-11 - -3 - -4))?
-18
-17 - (3 - ((13 - 29) + 2))
-34
Calculate (7 - (24 - -6 - -3)) + 7 - 45.
-64
20 + (-14 + -2 - (3 - 27))
28
What is (-9 - -3) + -37 + 6 + 31 + 13?
7
Evaluate 22 - ((11 - 28 - (3 + -11)) + -15).
46
Calculate 9 - (-14 - 11 - (-14 + 9) - -46).
-17
-23 + -3 + (-69 - -75) - -42
22
Evaluate 139 + -320 + -85 + 162.
-104
What is the value of (19 + (1 - 7) - (-37 + 53)) + -2?
-5
What is the value of (7 - (-7 + (-6 - -11))) + -7 + -131 + 62?
-67
What is the value of 7 - 7 - ((8 + -3 + 3 - 57) + 4)?
45
Calculate 20 - (23 + 4 + -13 - -21).
-15
(-190 + 44 - -142) + -143
-147
What is -34 + 32 + 30 + -16 + -18?
-6
62 + (-29 - -67) + -61
39
What is the value of -12 + -1 - ((-19 - -3) + 10) - (-69 - -31)?
31
(-24 + 33 - -4) + -9 - (-19 - 12)
35
What is (10 - 1) + (-20 - -42 - 31)?
0
(4 - 19) + (-189 - -168)
-36
Evaluate 60 + (19 - (17 + -3)).
65
Evaluate 66 + -38 - (1 - -15).
12
Calculate -12 + (-4 + 6 - (121 + -122 + -9 + 1)).
-1
82 + (-113 - (-61 + -11))
41
Evaluate -5394 - -5425 - (0 - 25).
56
(-23 - (5 + -17 + -13)) + -18
-16
What is the value of 22 + -44 + 63 - 74?
-33
What is the value of -21 - (12 + -18 + (-6 - (5 + 3 + -15)))?
-16
Evaluate -91 + (43 - 59) + 49.
-58
Evaluate (-42 + 121 - 26) + -15.
38
Calculate (183 - 128) + -13 + 4.
46
Calculate 26 + 7 + 2 - (-2 - (5 - 10)).
32
Evaluate (-27 - (1 + 27 + -33)) + -41.
-63
What is 8 + -25 - (41 + -22 + -65)?
29
What is the value of 60 + (14 - 53 - (19 + -49))?
51
(61 - 139 - -37) + -12 + -1 + (10 - 7)
-51
What is the value of 15 + (-49 - 44) - -70?
-8
Evaluate 2 + 7 - (-8 + 27) - -37.
27
What is the value of 54 - (-17 + 5 + -3 + (-3 - -15))?
57
35 + -6 + 12 + 19 - 3
57
Calculate -640 - -625 - (2 - 23).
6
What is the value of 56 + (0 - 0) + 1 + -4 - (79 - 69)?
43
What is the value of 29 + (12 - 10) - 7?
24
What is 21 + -1 - -12 - (1 + (-4 - 5))?
40
Evaluate -157 + 124 + 113 + -45.
35
Evaluate 53 - 1 - (-142 + 161) - 11.
22
What is the value of (2 - -8 - -21) + 0?
31
Evaluate 33 + (-31 - -4 - 9) + -31.
-34
Calculate 20 - (-30 - -38) - (1